6 and r?
8
Let r(u) = -u**3 - 11*u**2 - 43*u - 220. Let f be r(-9). Let x = 210 + -125. Calculate the greatest common factor of f and x.
5
Suppose 5*z - 46 = 2*b + 29, 0 = -3*z - b + 34. Let n = 11 - 6. Suppose 0 = n*s - 6*s + 91. What is the greatest common factor of s and z?
13
Let h(j) = 3*j - 28. Let o be h(5). Let n = -9 - o. Calculate the highest common factor of 32 and n.
4
Let v(u) = 2*u**2 + 37*u + 39. Let s be v(-26). What is the highest common factor of s and 11?
11
Suppose 0 = -3*m + 16 - 4, -m = 2*v - 38. Suppose -2*c - v = -105. Let w(s) = 7*s - 6. Let g be w(4). Calculate the greatest common divisor of g and c.
22
Let w(s) = -s**3 - 12*s**2 + 12*s + 4. Let i be w(-13). Calculate the highest common divisor of 51 and i.
17
Let m be 3/(6*(-4)/(-40)). Suppose 3*a + 120 = 6*a. What is the greatest common factor of m and a?
5
Let m(u) = 2*u**2 + 40*u + 11. Let w be m(-20). Suppose 221 - 89 = w*c. What is the highest common factor of 132 and c?
12
Let h(l) = 21*l + 53. Let r be h(26). Let u = -203 + r. What is the highest common factor of u and 44?
44
Let r = -65 + 137. What is the greatest common factor of r and 8?
8
Let j be (-3)/5 - (-46)/10. Suppose j*t - 104 = -8. What is the highest common divisor of t and 72?
24
Suppose 0 = -2*c - 3 - 3. Let d be -3 - (-1 + -19 - c). Calculate the highest common divisor of 7 and d.
7
Suppose 4*c - 3*o - 733 = 0, -3*o + 20 = 5. Calculate the highest common factor of c and 323.
17
Let n be (0 - (43 - -1))/(-1). Let z = n - 8. Suppose -4*h + h - 36 = -2*u, 2*h = -3*u + 80. What is the greatest common factor of u and z?
12
Suppose -6*z = -5*z - 45. Let j = -34 + z. Calculate the highest common divisor of j and 11.
11
Let z be (-1394)/((-1)/(7/(28/10))). What is the greatest common factor of z and 41?
41
Let d(a) = -a + 20. Let i be d(15). Suppose -10*g + i*g = -50. What is the highest common factor of 80 and g?
10
Suppose -3*f + f = 10. Let l(v) = v**3 + 7*v**2 + 2*v - 2. Let d be l(f). Let t = -19 + d. Calculate the highest common factor of 19 and t.
19
Suppose 5*b = 5*d + 10 + 5, b = 3*d - 3. Let j = 3 - 0. Suppose 31 = j*i - 5. What is the highest common factor of b and i?
6
Let x be 42/(-5)*-1 + 75/125. What is the highest common factor of 1251 and x?
9
Let l(q) = -4*q + 12. Let h be l(3). Suppose -3*v - 6 - 1 = -t, -5*t + 5*v + 35 = h. What is the highest common factor of 4 and t?
1
Let v = -789 + 1289. What is the highest common divisor of 75 and v?
25
Let l(y) = y**2 + 270. Let n be l(0). Let s be 476/14 - (-4 - -8). Calculate the greatest common divisor of n and s.
30
Suppose -2*f - 5*n - 105 = 6, 20 = -4*n. Let z = f - -79. What is the greatest common factor of 48 and z?
12
Suppose 0 = -3*c - 207 - 51. Suppose -371 = -3*i + 4*b - 16, 5*b = -5*i + 615. Let g = i + c. What is the highest common divisor of g and 7?
7
Suppose 5*p + 495 = -1045. Let q be 1/(4/p*-1). Let b = 11 - 4. Calculate the greatest common factor of b and q.
7
Let z = -2794 + 2938. What is the greatest common factor of z and 900?
36
Suppose 4*x = 11*x. Let u = x + 2. Let y be 137 + -1 - (u + -6). What is the greatest common divisor of 28 and y?
28
Let w be 6*2*3/12. Suppose -11 = -b + w. Suppose 3*m - 4*r - 125 = 0, -2*r = -4*m - 6*r + 120. What is the greatest common divisor of m and b?
7
Let j = -1333 - -2023. What is the highest common divisor of 15 and j?
15
Let x(c) = c**3 + 10*c**2 + 5*c - 29. Let h be x(-9). Let t be h/(-98)*-164 - (-4)/14. What is the highest common factor of t and 156?
12
Suppose -d = -15 - 5. Suppose -x = x - d. Let t be ((-12)/x)/((-4)/270). Calculate the greatest common factor of 27 and t.
27
Let i(k) = -7*k - 3. Let u = 124 + -133. Let a be i(u). Suppose 4*y - 355 = 5. What is the greatest common divisor of y and a?
30
Let q(j) = j**2 - 18*j + 12. Let o be q(18). Calculate the greatest common divisor of o and 18.
6
Let c = -13 + 15. Let z = -12 + c. Let k be ((-126)/z)/((-3)/(-10)). What is the greatest common divisor of 28 and k?
14
Suppose 0 = -4*s + 5*p + 47, s + 5*p - 61 = -s. Suppose 0 = 2*j - j - 2. Suppose i + 18 = j*i. What is the greatest common divisor of i and s?
18
Let r be (-6)/(-8) + 412*(-9)/(-48). Let i = r + -65. Calculate the highest common factor of 117 and i.
13
Suppose -2*p + 6 = -r, 3*r - 7*r - 4*p = 12. Let h be (r/6)/((-2)/3). Let x be 2 + 114 + h + 0. Calculate the highest common divisor of 13 and x.
13
Let i be (-7)/(-14)*-12*18/(-4). What is the highest common factor of i and 81?
27
Let w(i) = -i + 2 + 1 - i. Suppose -3*c - 9 = -5*l, 2*l + 12*c + 36 = 3*l. Let j be w(l). What is the highest common divisor of 27 and j?
3
Let g be (-1)/((-5)/510*3). Let t = g + -18. What is the highest common divisor of t and 112?
16
Let k(t) = 8*t - 7*t + 20 + 8*t - t**2. Let a be k(10). What is the highest common divisor of a and 10?
10
Suppose 4*f - 40 = 4*m, -m + 3*m = f - 5. What is the highest common factor of 480 and f?
15
Suppose -5*i - 45 = -5*n, 3*i + 1 = 2*n - 29. Suppose 4*m + v - 171 = 0, 2*m + 216 = 7*m + 2*v. Let f = i + m. What is the highest common factor of f and 6?
6
Let w(g) = g**3 - 35*g**2 + 36*g - 47. Let j be w(34). What is the highest common divisor of j and 231?
21
Let y(c) = 4*c**3 - 7*c**2 + 13*c + 13. Let p be y(5). What is the greatest common factor of 31 and p?
31
Suppose 0 = 2*r - 2*u - 121 + 5, -4*r = 4*u - 232. Calculate the greatest common divisor of 377 and r.
29
Let t be (-560)/15*((-6)/(-4) - 3). What is the highest common divisor of t and 70?
14
Let z(h) = -12*h**3 + h**2 + 6*h + 5. Let f be z(-1). Calculate the highest common factor of f and 1056.
12
Let j(q) = q**3 - 7*q**2 - 3*q + 25. Let k be j(7). What is the highest common factor of 10 and k?
2
Let i = 57 + -57. Let q be (-2 + (i - -1))/1 - -7. What is the greatest common divisor of 3 and q?
3
Let q = 5 - 0. Suppose 4*x = -q + 21. Let u be (-1 - 10)/(x/(-24)). What is the highest common factor of u and 33?
33
Let r(c) = 4*c**2 + 2*c. Let v be r(-2). Let i be 28/(-7) - -4*1. Suppose 4*j + 5*f - 58 = i, 38 + 8 = 4*j - f. Calculate the highest common factor of j and v.
12
Let u be (-453)/(-30) + 1/(-10). Calculate the highest common divisor of u and 105.
15
Let v(h) = -40*h - 6. Let g be v(-3). Let n = g + -101. Calculate the highest common factor of n and 39.
13
Let o = -225 + 616. Calculate the highest common factor of 51 and o.
17
Let m = 4 + -11. Let j = 49 - m. Let a be -41 - -52 - (5 - 1). Calculate the highest common divisor of a and j.
7
Let h = -8 - -11. Suppose 9 = 2*y + h. Let k = 67 - 46. Calculate the greatest common divisor of k and y.
3
Suppose 96*z - 104*z + 1056 = 0. What is the greatest common divisor of 88 and z?
44
Let c be (-3629)/4 + 13/52 - 2. Let t be c/(-63) + (0 - 3/7). What is the highest common divisor of 35 and t?
7
Suppose 8 = -2*t - 5*w + 2, 10 = 2*t - 3*w. What is the greatest common factor of t and 274?
2
Let v(i) = 2*i**2 + 22*i + 18. Let k(n) = -n**2 - 11*n - 9. Let j(p) = 5*k(p) + 3*v(p). Let x be j(-11). What is the highest common factor of x and 18?
9
Let q = 1341 - 411. Suppose 0 = -2*u + 2*l + 364, 5*u - q = -2*l + 3*l. Calculate the highest common divisor of 17 and u.
17
Suppose 0 = -5*b + v - 77, 4*b + 4*v + 0 + 52 = 0. Let c = b + 33. Calculate the highest common factor of 36 and c.
18
Let u be (-75)/(-3) + 0 + -1. Suppose -4*o - 3 = -11. Suppose o = -f + 5. What is the greatest common divisor of u and f?
3
Let g(f) = 55*f + 543. Let q be g(-9). What is the highest common divisor of q and 216?
24
Suppose 0 = 21*t + 68 - 1034. What is the greatest common factor of t and 598?
46
Let p = -1244 + 1296. Calculate the highest common divisor of p and 44.
4
Suppose -2*r + 1283 = -5*x, -8*r = -9*r + 4*x + 649. What is the greatest common divisor of 37 and r?
37
Let y(p) be the first derivative of p**3/3 + p**2 + 4*p - 10. Let b be y(-4). What is the highest common factor of b and 12?
12
Suppose -s = 2 - 6. Suppose 0 = y - s, 5*y - 104 = 2*z + z. Let d be z/6*(-9)/6. Calculate the greatest common divisor of d and 63.
7
Let t(d) = -d**2 - 3. Let a be t(0). Let m = a - -8. Suppose 2*w - 175 = -5*w. What is the highest common factor of m and w?
5
Let b = 73 + -31. Suppose 0 = s - 2*u - 14, 72*s + 16 = 74*s - u. Calculate the highest common divisor of s and b.
6